{"id":11359,"date":"2018-03-27T10:42:42","date_gmt":"2018-03-27T08:42:42","guid":{"rendered":"http:\/\/lnx.omarsspa.it\/autos\/iveco-ml150e28-doka-4x4-panier-omars-6tz\/"},"modified":"2018-03-29T17:30:19","modified_gmt":"2018-03-29T15:30:19","slug":"iveco-ml150e28-doka-4x4-panier-omars-6tz","status":"publish","type":"pixad-autos","link":"https:\/\/www.omarsspa.it\/fr\/autos\/iveco-ml150e28-doka-4x4-panier-omars-6tz\/","title":{"rendered":"IVECO ML150E28 DOKA 4X4  &#8211; Panier OMARS 6TZ"},"content":{"rendered":"<div class=\"wpb-content-wrapper\"><p>[vc_row css=\u00a0\u00bb.vc_custom_1517387717914{margin-bottom: -20px !important;}\u00a0\u00bb][vc_column][vc_column_text]Lisez tous les d\u00e9tails en d\u00e9chargeant la fiche technique du mod\u00e8le en PDF.[\/vc_column_text][vc_btn title=\u00a0\u00bbFICHE T\u00c9CHNIQUE\u00a0\u00bb i_icon_fontawesome=\u00a0\u00bbfa fa-file-pdf-o\u00a0\u00bb css_animation=\u00a0\u00bbbounceIn\u00a0\u00bb add_icon=\u00a0\u00bbtrue\u00a0\u00bb link=\u00a0\u00bburl:http%3A%2F%2Fwww.omarsspa.it%2F%2Fwp-content%2Fuploads%2F2018%2F02%2F024-6TZ.pdf|||\u00a0\u00bb][\/vc_column][\/vc_row]<\/p>\n<\/div>","protected":false},"excerpt":{"rendered":"<p>[vc_row css=\u00a0\u00bb.vc_custom_1517387717914{margin-bottom: -20px !important;}\u00a0\u00bb][vc_column][vc_column_text]Lisez tous les d\u00e9tails en d\u00e9chargeant la fiche technique du mod\u00e8le en PDF.[\/vc_column_text][vc_btn title=\u00a0\u00bbFICHE T\u00c9CHNIQUE\u00a0\u00bb i_icon_fontawesome=\u00a0\u00bbfa fa-file-pdf-o\u00a0\u00bb css_animation=\u00a0\u00bbbounceIn\u00a0\u00bb add_icon=\u00a0\u00bbtrue\u00a0\u00bb link=\u00a0\u00bburl:http%3A%2F%2Fwww.omarsspa.it%2F%2Fwp-content%2Fuploads%2F2018%2F02%2F024-6TZ.pdf|||\u00a0\u00bb][\/vc_column][\/vc_row]<\/p>\n","protected":false},"author":3,"featured_media":11018,"menu_order":0,"comment_status":"closed","ping_status":"closed","template":"","class_list":["post-11359","pixad-autos","type-pixad-autos","status-publish","has-post-thumbnail","hentry","auto-model-iveco-ml150e28-fr","auto-body-depannage-fr","auto-equipment-panier-omars-6tz-2"],"_auto_make":"IVECO ML150E28","_auto_version":"","_auto_year":"","_auto_transmission":"","_auto_doors":"","_auto_fuel":"","_auto_condition":"","_auto_purpose":"","_auto_drive":"","_auto_color":"","_auto_color_int":"","_auto_price":"","_auto_sale_price":"","_auto_stock_status":"","_auto_price_type":"","_auto_warranty":"","_auto_mileage":"","_auto_vin":"","_auto_engine":"","_auto_horsepower":"","_auto_seats":"","_auto_images":"","_seller_first_name":"","_seller_last_name":"","_seller_email":"","_seller_phone":"","_seller_company":"","_seller_country":"","_seller_state":"","_seller_town":"","_seller_location":"","_seller_location_lat":"","_seller_location_long":"","_links":{"self":[{"href":"https:\/\/www.omarsspa.it\/fr\/wp-json\/wp\/v2\/pixad-autos\/11359","targetHints":{"allow":["GET"]}}],"collection":[{"href":"https:\/\/www.omarsspa.it\/fr\/wp-json\/wp\/v2\/pixad-autos"}],"about":[{"href":"https:\/\/www.omarsspa.it\/fr\/wp-json\/wp\/v2\/types\/pixad-autos"}],"author":[{"embeddable":true,"href":"https:\/\/www.omarsspa.it\/fr\/wp-json\/wp\/v2\/users\/3"}],"replies":[{"embeddable":true,"href":"https:\/\/www.omarsspa.it\/fr\/wp-json\/wp\/v2\/comments?post=11359"}],"wp:featuredmedia":[{"embeddable":true,"href":"https:\/\/www.omarsspa.it\/fr\/wp-json\/wp\/v2\/media\/11018"}],"wp:attachment":[{"href":"https:\/\/www.omarsspa.it\/fr\/wp-json\/wp\/v2\/media?parent=11359"}],"curies":[{"name":"wp","href":"https:\/\/api.w.org\/{rel}","templated":true}]}}

<div class="wpb-content-wrapper"><p>[vc_row css= ».vc_custom_1517387717914{margin-bottom: -20px !important;} »][vc_column][vc_column_text]Lisez tous les détails en déchargeant la fiche technique du modèle en PDF.[/vc_column_text][vc_btn title= »FICHE TÉCHNIQUE » i_icon_fontawesome= »fa fa-file-pdf-o » css_animation= »bounceIn » add_icon= »true » link= »url:http%3A%2F%2Fwww.omarsspa.it%2F%2Fwp-content%2Fuploads%2F2018%2F02%2F024-6TZ.pdf||| »][/vc_column][/vc_row]</p>
</div>

<p>[vc_row css= ».vc_custom_1517387717914{margin-bottom: -20px !important;} »][vc_column][vc_column_text]Lisez tous les détails en déchargeant la fiche technique du modèle en PDF.[/vc_column_text][vc_btn title= »FICHE TÉCHNIQUE » i_icon_fontawesome= »fa fa-file-pdf-o » css_animation= »bounceIn » add_icon= »true » link= »url:http%3A%2F%2Fwww.omarsspa.it%2F%2Fwp-content%2Fuploads%2F2018%2F02%2F024-6TZ.pdf||| »][/vc_column][/vc_row]</p>
